of 217 and 62.
31
What is the highest common divisor of 20 and 2540?
20
Calculate the greatest common divisor of 205 and 9.
1
What is the highest common factor of 923 and 71?
71
What is the highest common divisor of 1221 and 319?
11
Calculate the highest common factor of 36 and 18.
18
What is the highest common divisor of 85 and 47855?
85
What is the highest common factor of 18 and 423?
9
Calculate the highest common divisor of 5 and 115.
5
What is the greatest common divisor of 31929 and 87?
87
Calculate the highest common factor of 96 and 18.
6
Calculate the greatest common divisor of 440 and 40.
40
Calculate the highest common factor of 645 and 25.
5
What is the highest common factor of 5 and 3?
1
What is the greatest common divisor of 323 and 697?
17
Calculate the highest common factor of 18 and 450.
18
What is the highest common divisor of 28 and 406?
14
What is the highest common divisor of 2976 and 108?
12
What is the greatest common divisor of 1705 and 220?
55
What is the highest common factor of 84 and 210?
42
Calculate the greatest common factor of 70 and 890.
10
Calculate the greatest common factor of 825 and 220.
55
What is the greatest common factor of 1448 and 3?
1
What is the greatest common divisor of 24 and 312?
24
Calculate the greatest common divisor of 153 and 17.
17
What is the highest common divisor of 62 and 1333?
31
Calculate the highest common factor of 90 and 15690.
30
Calculate the greatest common factor of 3 and 33.
3
What is the greatest common factor of 205 and 779?
41
What is the greatest common factor of 2691 and 169?
13
What is the highest common divisor of 14 and 198?
2
What is the greatest common divisor of 1350 and 459?
27
What is the highest common divisor of 36 and 15084?
36
Calculate the highest common factor of 22 and 594.
22
What is the greatest common factor of 121 and 22?
11
Calculate the highest common factor of 7 and 2317.
7
What is the greatest common divisor of 10 and 970?
10
What is the greatest common divisor of 368 and 2336?
16
What is the greatest common factor of 112 and 7?
7
What is the highest common divisor of 500 and 1640?
20
Calculate the greatest common factor of 404 and 92.
4
What is the highest common divisor of 1602 and 18?
18
What is the highest common factor of 520 and 650?
130
What is the highest common factor of 4 and 50?
2
Calculate the greatest common factor of 48 and 256.
16
What is the highest common divisor of 270 and 702?
54
What is the greatest common factor of 12 and 192?
12
What is the highest common divisor of 368 and 115?
23
What is the highest common factor of 312 and 16?
8
Calculate the greatest common factor of 165 and 7359.
33
Calculate the greatest common divisor of 132 and 12.
12
Calculate the greatest common factor of 1530 and 18.
18
Calculate the highest common factor of 728 and 504.
56
Calculate the greatest common divisor of 575 and 75.
25
Calculate the highest common divisor of 1904 and 3536.
272
What is the greatest common divisor of 29 and 4379?
29
Calculate the greatest common factor of 42 and 1155.
21
Calculate the greatest common factor of 186 and 3844.
62
What is the highest common divisor of 42 and 378?
42
Calculate the greatest common divisor of 8 and 5832.
8
What is the greatest common divisor of 1071 and 13005?
153
What is the greatest common factor of 114 and 247?
19
What is the greatest common divisor of 912 and 432?
48
What is the greatest common factor of 126 and 5355?
63
Calculate the highest common divisor of 3 and 271.
1
What is the greatest common factor of 6 and 12090?
6
Calculate the greatest common factor of 3 and 234.
3
What is the highest common factor of 104 and 702?
26
Calculate the highest common divisor of 7578 and 18.
18
What is the highest common divisor of 8 and 144?
8
What is the highest common divisor of 23 and 20999?
23
What is the greatest common divisor of 60 and 2680?
20
Calculate the greatest common factor of 180 and 7300.
20
Calculate the greatest common divisor of 50 and 650.
50
Calculate the highest common divisor of 25361 and 7.
7
What is the greatest common divisor of 33 and 22?
11
Calculate the highest common divisor of 42 and 19208.
14
What is the highest common divisor of 660 and 20?
20
Calculate the greatest common divisor of 495 and 99.
99
What is the greatest common factor of 63 and 117?
9
Calculate the greatest common factor of 6969 and 69.
69
What is the greatest common divisor of 224 and 64?
32
Calculate the greatest common factor of 52 and 6.
2
Calculate the highest common divisor of 24 and 20.
4
What is the highest common divisor of 58 and 58?
58
What is the highest common divisor of 22 and 286?
22
Calculate the highest common divisor of 276 and 60.
12
Calculate the greatest common divisor of 19 and 3743.
19
What is the highest common divisor of 1023 and 93?
93
Calculate the greatest common factor of 247 and 13.
13
What is the highest common factor of 46 and 5865?
23
What is the greatest common factor of 1333 and 1376?
43
What is the greatest common factor of 28 and 329?
7
Calculate the highest common divisor of 708 and 24.
12
Calculate the greatest common divisor of 1540 and 560.
140
Calculate the highest common factor of 34 and 986.
34
Calculate the highest common factor of 695 and 20.
5
Calculate the highest common divisor of 64 and 2336.
32
Calculate the highest common divisor of 88 and 3448.
8
What is the highest common factor of 2 and 716?
2
Calculate the highest common factor of 360 and 3840.
120
Calculate the highest common divisor of 129 and 43.
43
Calculate the highest common factor of 6 and 42.
6
What is the highest common divisor of 99 and 275?
11
Calculate the greatest common divisor of 88 and 715.
11
Calculate the highest common factor of 48 and 24.
24
Calculate the highest common factor of 141 and 188.
47
Calculate the greatest common factor of 192 and 6.
6
Calculate the highest common divisor of 273 and 9126.
39
Calculate the highest common divisor of 75 and 50.
25
What is the highest common factor of 13 and 377?
13
Calculate the greatest common divisor of 324 and 351.
27
Calculate the greatest common factor of 170 and 4131.
17
What is the greatest common factor of 28 and 28?
28
Calculate the highest common divisor of 1090 and 50.
10
What is the highest common factor of 3278 and 447?
149
What is the highest common factor of 73 and 292?
73
What is the highest common factor of 3256 and 528?
88
Calculate the highest common factor of 12 and 444.
12
What is the greatest common factor of 13130 and 130?
130
What is the greatest common factor of 430 and 30?
10
What is the greatest common factor of 8584 and 37?
37
Calculate the highest common divisor of 30 and 480.
30
Calculate the highest common divisor of 6 and 102.
6
What is the greatest common divisor of 532 and 2527?
133
Calculate the greatest common factor of 2892 and 96.
12
Calculate the highest common factor of 11 and 3179.
11
What is the highest common divisor of 325 and 300?
25
What is the greatest common divisor of 88 and 99440?
88
Calculate the highest common factor of 36 and 30000.
12
What is the highest common factor of 315 and 175?
35
Calculate the greatest common divisor of 90 and 55.
5
What is the greatest common divisor of 7 and 35?
7
What is the greatest common factor of 119 and 901?
17
What is the highest common factor of 2 and 578?
2
Calculate the highest common factor of 182 and 4242.
14
Calculate the greatest common factor of 117 and 1872.
117
Calculate the greatest common divisor of 45 and 2280.
15
Calculate the greatest common factor of 483 and 3703.
161
What is the greatest common factor of 1806 and 378?
42
Calculate the greatest common divisor of 36 and 426.
6
What is the highest common factor of 18 and 84?
6
Calculate the greatest common factor of 198 and 44.
22
What is the highest common factor of 73 and 4672?
73
Calculate the highest common factor of 286 and 26.
26
What is the greatest common divisor of 351 and 1161?
27
Calculate the highest common factor of 7 and 28.
7
Calculate the greatest common divisor of 5332 and 372.
124
What is the greatest common factor of 36 and 81?
9
What is the greatest common divisor of 11600 and 29?
29
Calculate the highest common divisor of 1095 and 165.
15
Calculate the highest comm